{"id":1420,"date":"2022-08-04T17:06:44","date_gmt":"2022-08-04T17:06:44","guid":{"rendered":"https:\/\/adventurelocation.server-prod.com\/?post_type=product&#038;p=1420"},"modified":"2023-06-05T10:29:01","modified_gmt":"2023-06-05T10:29:01","slug":"bmw-r1250-gs","status":"publish","type":"product","link":"https:\/\/www.adventure-centre.com\/rental-bike-location-moto\/produit\/bmw-r1250-gs\/","title":{"rendered":"BMW R1250 GS"},"content":{"rendered":"<h3 class=\"moto-specs--title\">Caracteristiques<\/h3>\n<ul class=\"moto-specs--list\">\n<li>\n<div><strong class=\"moto-spec--label\">Type:\u00a0<\/strong><span class=\"moto-spec--value\">Adventure<\/span><\/div>\n<div><strong class=\"moto-spec--label\">Marque:\u00a0<\/strong><span class=\"moto-spec--value\">BMW<\/span><\/div>\n<div><strong class=\"moto-spec--label\">Mod\u00e8le:\u00a0<\/strong><span class=\"moto-spec--value\">R1250 GS<\/span><\/div>\n<div><strong class=\"moto-spec--label\">Cylindr\u00e9e:\u00a0<\/strong><span class=\"moto-spec--value\">1254<\/span><\/div>\n<div><strong class=\"moto-spec--label\">Puissance en chevaux:\u00a0<\/strong><span class=\"moto-spec--value\">136<\/span><\/div>\n<\/li>\n<li>\n<div><strong class=\"moto-spec--label\">Poids:\u00a0<\/strong><span class=\"moto-spec--value\">249 kg (549 lbs)<\/span><\/div>\n<div><strong class=\"moto-spec--label\">Hauteur du si\u00e8ge:\u00a0<\/strong><span class=\"moto-spec--value\">850 mm &#8211; 870 mm (33.5&#8243; &#8211; 34.3&#8243;)<\/span><\/div>\n<div><strong class=\"moto-spec--label\">Bagages:\u00a0<\/strong><span class=\"moto-spec--value\">Panniers aluminium droite et gauche, ou panniers souples<\/span><\/div>\n<div><strong class=\"moto-spec--label\">Capacit\u00e9 de bagages:\u00a0<\/strong><span class=\"moto-spec--value\">38 L (6.6 gal) \/ 38 L (6.6 gal)\u00a0<\/span><\/div>\n<\/li>\n<\/ul>\n<p class=\"moto-specs--requirements\">Exigences: Age minimum requis (normalement 35 ans, nous consulter pour exceptions). 5 ans de permis de conduire et preuve d\u2019exp\u00e9rience dans la conduite de grosses motos.<\/p>\n<p>La BMW GS est une v\u00e9ritable ic\u00f4ne depuis quarante ans. Le dernier mod\u00e8le, la GS 1250, int\u00e8gre de nouvelles fonctionnalit\u00e9s et un nouveau design pour vous apporter une s\u00e9curit\u00e9 optimale. Des accessoires suppl\u00e9mentaires vous offrent un confort suppl\u00e9mentaire et gr\u00e2ce aux 7 modes de conduite, vous contr\u00f4lez parfaitement toutes les situations de conduite. Avec la GS1250, votre soif de d\u00e9couverte du Royaume du Maroc ne conna\u00eetra plus de limites.<\/p>\n","protected":false},"excerpt":{"rendered":"<p>Caracteristiques Type:\u00a0Adventure Marque:\u00a0BMW Mod\u00e8le:\u00a0R1250 GS Cylindr\u00e9e:\u00a01254 Puissance en chevaux:\u00a0136 Poids:\u00a0249 kg (549 lbs) Hauteur du si\u00e8ge:\u00a0850 mm &#8211; 870 mm (33.5&#8243; &#8211; 34.3&#8243;) Bagages:\u00a0Panniers aluminium droite et gauche, ou panniers souples Capacit\u00e9 de bagages:\u00a038 L (6.6 gal) \/ 38 L (6.6 gal)\u00a0 Exigences: Age minimum requis (normalement 35 ans, nous consulter pour exceptions). 5 ans [&hellip;]<\/p>\n","protected":false},"featured_media":2120,"template":"","meta":[],"product_cat":[226],"product_tag":[],"class_list":{"0":"post-1420","1":"product","2":"type-product","3":"status-publish","4":"has-post-thumbnail","6":"product_cat-1000-cc","8":"first","9":"instock","10":"taxable","11":"shipping-taxable","12":"purchasable","13":"product-type-redq_rental"},"yoast_head":"<!-- This site is optimized with the Yoast SEO plugin v24.1 - https:\/\/yoast.com\/wordpress\/plugins\/seo\/ -->\n<title>BMW R1250 GS - Touratech Maroc<\/title>\n<meta name=\"description\" content=\"La BMW GS est une v\u00e9ritable ic\u00f4ne depuis quarante ans. Le dernier mod\u00e8le, la GS 1250, int\u00e8gre de nouvelles fonctionnalit\u00e9s et un nouveau design pour vous apporter une s\u00e9curit\u00e9 optimale. Des accessoires suppl\u00e9mentaires vous offrent un confort suppl\u00e9mentaire et gr\u00e2ce aux 7 modes de conduite, vous contr\u00f4lez parfaitement toutes les situations de conduite. Avec la GS1250, votre soif de d\u00e9couverte du Royaume du Maroc ne conna\u00eetra plus de limites.\" \/>\n<meta name=\"robots\" content=\"index, follow, max-snippet:-1, max-image-preview:large, max-video-preview:-1\" \/>\n<link rel=\"canonical\" href=\"https:\/\/www.adventure-centre.com\/rental-bike-location-moto\/produit\/bmw-r1250-gs\/\" \/>\n<meta property=\"og:locale\" content=\"fr_FR\" \/>\n<meta property=\"og:type\" content=\"article\" \/>\n<meta property=\"og:title\" content=\"BMW R1250 GS - Touratech Maroc\" \/>\n<meta property=\"og:description\" content=\"La BMW GS est une v\u00e9ritable ic\u00f4ne depuis quarante ans. Le dernier mod\u00e8le, la GS 1250, int\u00e8gre de nouvelles fonctionnalit\u00e9s et un nouveau design pour vous apporter une s\u00e9curit\u00e9 optimale. Des accessoires suppl\u00e9mentaires vous offrent un confort suppl\u00e9mentaire et gr\u00e2ce aux 7 modes de conduite, vous contr\u00f4lez parfaitement toutes les situations de conduite. Avec la GS1250, votre soif de d\u00e9couverte du Royaume du Maroc ne conna\u00eetra plus de limites.\" \/>\n<meta property=\"og:url\" content=\"https:\/\/www.adventure-centre.com\/rental-bike-location-moto\/produit\/bmw-r1250-gs\/\" \/>\n<meta property=\"og:site_name\" content=\"Touratech Maroc\" \/>\n<meta property=\"article:modified_time\" content=\"2023-06-05T10:29:01+00:00\" \/>\n<meta property=\"og:image\" content=\"https:\/\/www.adventure-centre.com\/rental-bike-location-moto\/wp-content\/uploads\/2022\/08\/BMW-R1250-GS-1.png\" \/>\n\t<meta property=\"og:image:width\" content=\"750\" \/>\n\t<meta property=\"og:image:height\" content=\"677\" \/>\n\t<meta property=\"og:image:type\" content=\"image\/png\" \/>\n<meta name=\"twitter:card\" content=\"summary_large_image\" \/>\n<meta name=\"twitter:label1\" content=\"Dur\u00e9e de lecture estim\u00e9e\" \/>\n\t<meta name=\"twitter:data1\" content=\"1 minute\" \/>\n<script type=\"application\/ld+json\" class=\"yoast-schema-graph\">{\"@context\":\"https:\/\/schema.org\",\"@graph\":[{\"@type\":\"WebPage\",\"@id\":\"https:\/\/www.adventure-centre.com\/rental-bike-location-moto\/produit\/bmw-r1250-gs\/\",\"url\":\"https:\/\/www.adventure-centre.com\/rental-bike-location-moto\/produit\/bmw-r1250-gs\/\",\"name\":\"BMW R1250 GS - Touratech Maroc\",\"isPartOf\":{\"@id\":\"https:\/\/www.adventure-centre.com\/rental-bike-location-moto\/#website\"},\"primaryImageOfPage\":{\"@id\":\"https:\/\/www.adventure-centre.com\/rental-bike-location-moto\/produit\/bmw-r1250-gs\/#primaryimage\"},\"image\":{\"@id\":\"https:\/\/www.adventure-centre.com\/rental-bike-location-moto\/produit\/bmw-r1250-gs\/#primaryimage\"},\"thumbnailUrl\":\"https:\/\/www.adventure-centre.com\/rental-bike-location-moto\/wp-content\/uploads\/2022\/08\/BMW-R1250-GS-1.png\",\"datePublished\":\"2022-08-04T17:06:44+00:00\",\"dateModified\":\"2023-06-05T10:29:01+00:00\",\"description\":\"La BMW GS est une v\u00e9ritable ic\u00f4ne depuis quarante ans. Le dernier mod\u00e8le, la GS 1250, int\u00e8gre de nouvelles fonctionnalit\u00e9s et un nouveau design pour vous apporter une s\u00e9curit\u00e9 optimale. Des accessoires suppl\u00e9mentaires vous offrent un confort suppl\u00e9mentaire et gr\u00e2ce aux 7 modes de conduite, vous contr\u00f4lez parfaitement toutes les situations de conduite. Avec la GS1250, votre soif de d\u00e9couverte du Royaume du Maroc ne conna\u00eetra plus de limites.\",\"breadcrumb\":{\"@id\":\"https:\/\/www.adventure-centre.com\/rental-bike-location-moto\/produit\/bmw-r1250-gs\/#breadcrumb\"},\"inLanguage\":\"fr-FR\",\"potentialAction\":[{\"@type\":\"ReadAction\",\"target\":[\"https:\/\/www.adventure-centre.com\/rental-bike-location-moto\/produit\/bmw-r1250-gs\/\"]}]},{\"@type\":\"ImageObject\",\"inLanguage\":\"fr-FR\",\"@id\":\"https:\/\/www.adventure-centre.com\/rental-bike-location-moto\/produit\/bmw-r1250-gs\/#primaryimage\",\"url\":\"https:\/\/www.adventure-centre.com\/rental-bike-location-moto\/wp-content\/uploads\/2022\/08\/BMW-R1250-GS-1.png\",\"contentUrl\":\"https:\/\/www.adventure-centre.com\/rental-bike-location-moto\/wp-content\/uploads\/2022\/08\/BMW-R1250-GS-1.png\",\"width\":750,\"height\":677},{\"@type\":\"BreadcrumbList\",\"@id\":\"https:\/\/www.adventure-centre.com\/rental-bike-location-moto\/produit\/bmw-r1250-gs\/#breadcrumb\",\"itemListElement\":[{\"@type\":\"ListItem\",\"position\":1,\"name\":\"Accueil\",\"item\":\"https:\/\/www.adventure-centre.com\/rental-bike-location-moto\/\"},{\"@type\":\"ListItem\",\"position\":2,\"name\":\"Shop\",\"item\":\"https:\/\/www.adventure-centre.com\/rental-bike-location-moto\/shop\/\"},{\"@type\":\"ListItem\",\"position\":3,\"name\":\"BMW R1250 GS\"}]},{\"@type\":\"WebSite\",\"@id\":\"https:\/\/www.adventure-centre.com\/rental-bike-location-moto\/#website\",\"url\":\"https:\/\/www.adventure-centre.com\/rental-bike-location-moto\/\",\"name\":\"Touratech Maroc\",\"description\":\"Louez une moto au Maroc\",\"potentialAction\":[{\"@type\":\"SearchAction\",\"target\":{\"@type\":\"EntryPoint\",\"urlTemplate\":\"https:\/\/www.adventure-centre.com\/rental-bike-location-moto\/?s={search_term_string}\"},\"query-input\":{\"@type\":\"PropertyValueSpecification\",\"valueRequired\":true,\"valueName\":\"search_term_string\"}}],\"inLanguage\":\"fr-FR\"}]}<\/script>\n<!-- \/ Yoast SEO plugin. -->","yoast_head_json":{"title":"BMW R1250 GS - Touratech Maroc","description":"La BMW GS est une v\u00e9ritable ic\u00f4ne depuis quarante ans. Le dernier mod\u00e8le, la GS 1250, int\u00e8gre de nouvelles fonctionnalit\u00e9s et un nouveau design pour vous apporter une s\u00e9curit\u00e9 optimale. Des accessoires suppl\u00e9mentaires vous offrent un confort suppl\u00e9mentaire et gr\u00e2ce aux 7 modes de conduite, vous contr\u00f4lez parfaitement toutes les situations de conduite. Avec la GS1250, votre soif de d\u00e9couverte du Royaume du Maroc ne conna\u00eetra plus de limites.","robots":{"index":"index","follow":"follow","max-snippet":"max-snippet:-1","max-image-preview":"max-image-preview:large","max-video-preview":"max-video-preview:-1"},"canonical":"https:\/\/www.adventure-centre.com\/rental-bike-location-moto\/produit\/bmw-r1250-gs\/","og_locale":"fr_FR","og_type":"article","og_title":"BMW R1250 GS - Touratech Maroc","og_description":"La BMW GS est une v\u00e9ritable ic\u00f4ne depuis quarante ans. Le dernier mod\u00e8le, la GS 1250, int\u00e8gre de nouvelles fonctionnalit\u00e9s et un nouveau design pour vous apporter une s\u00e9curit\u00e9 optimale. Des accessoires suppl\u00e9mentaires vous offrent un confort suppl\u00e9mentaire et gr\u00e2ce aux 7 modes de conduite, vous contr\u00f4lez parfaitement toutes les situations de conduite. Avec la GS1250, votre soif de d\u00e9couverte du Royaume du Maroc ne conna\u00eetra plus de limites.","og_url":"https:\/\/www.adventure-centre.com\/rental-bike-location-moto\/produit\/bmw-r1250-gs\/","og_site_name":"Touratech Maroc","article_modified_time":"2023-06-05T10:29:01+00:00","og_image":[{"width":750,"height":677,"url":"https:\/\/www.adventure-centre.com\/rental-bike-location-moto\/wp-content\/uploads\/2022\/08\/BMW-R1250-GS-1.png","type":"image\/png"}],"twitter_card":"summary_large_image","twitter_misc":{"Dur\u00e9e de lecture estim\u00e9e":"1 minute"},"schema":{"@context":"https:\/\/schema.org","@graph":[{"@type":"WebPage","@id":"https:\/\/www.adventure-centre.com\/rental-bike-location-moto\/produit\/bmw-r1250-gs\/","url":"https:\/\/www.adventure-centre.com\/rental-bike-location-moto\/produit\/bmw-r1250-gs\/","name":"BMW R1250 GS - Touratech Maroc","isPartOf":{"@id":"https:\/\/www.adventure-centre.com\/rental-bike-location-moto\/#website"},"primaryImageOfPage":{"@id":"https:\/\/www.adventure-centre.com\/rental-bike-location-moto\/produit\/bmw-r1250-gs\/#primaryimage"},"image":{"@id":"https:\/\/www.adventure-centre.com\/rental-bike-location-moto\/produit\/bmw-r1250-gs\/#primaryimage"},"thumbnailUrl":"https:\/\/www.adventure-centre.com\/rental-bike-location-moto\/wp-content\/uploads\/2022\/08\/BMW-R1250-GS-1.png","datePublished":"2022-08-04T17:06:44+00:00","dateModified":"2023-06-05T10:29:01+00:00","description":"La BMW GS est une v\u00e9ritable ic\u00f4ne depuis quarante ans. Le dernier mod\u00e8le, la GS 1250, int\u00e8gre de nouvelles fonctionnalit\u00e9s et un nouveau design pour vous apporter une s\u00e9curit\u00e9 optimale. Des accessoires suppl\u00e9mentaires vous offrent un confort suppl\u00e9mentaire et gr\u00e2ce aux 7 modes de conduite, vous contr\u00f4lez parfaitement toutes les situations de conduite. Avec la GS1250, votre soif de d\u00e9couverte du Royaume du Maroc ne conna\u00eetra plus de limites.","breadcrumb":{"@id":"https:\/\/www.adventure-centre.com\/rental-bike-location-moto\/produit\/bmw-r1250-gs\/#breadcrumb"},"inLanguage":"fr-FR","potentialAction":[{"@type":"ReadAction","target":["https:\/\/www.adventure-centre.com\/rental-bike-location-moto\/produit\/bmw-r1250-gs\/"]}]},{"@type":"ImageObject","inLanguage":"fr-FR","@id":"https:\/\/www.adventure-centre.com\/rental-bike-location-moto\/produit\/bmw-r1250-gs\/#primaryimage","url":"https:\/\/www.adventure-centre.com\/rental-bike-location-moto\/wp-content\/uploads\/2022\/08\/BMW-R1250-GS-1.png","contentUrl":"https:\/\/www.adventure-centre.com\/rental-bike-location-moto\/wp-content\/uploads\/2022\/08\/BMW-R1250-GS-1.png","width":750,"height":677},{"@type":"BreadcrumbList","@id":"https:\/\/www.adventure-centre.com\/rental-bike-location-moto\/produit\/bmw-r1250-gs\/#breadcrumb","itemListElement":[{"@type":"ListItem","position":1,"name":"Accueil","item":"https:\/\/www.adventure-centre.com\/rental-bike-location-moto\/"},{"@type":"ListItem","position":2,"name":"Shop","item":"https:\/\/www.adventure-centre.com\/rental-bike-location-moto\/shop\/"},{"@type":"ListItem","position":3,"name":"BMW R1250 GS"}]},{"@type":"WebSite","@id":"https:\/\/www.adventure-centre.com\/rental-bike-location-moto\/#website","url":"https:\/\/www.adventure-centre.com\/rental-bike-location-moto\/","name":"Touratech Maroc","description":"Louez une moto au Maroc","potentialAction":[{"@type":"SearchAction","target":{"@type":"EntryPoint","urlTemplate":"https:\/\/www.adventure-centre.com\/rental-bike-location-moto\/?s={search_term_string}"},"query-input":{"@type":"PropertyValueSpecification","valueRequired":true,"valueName":"search_term_string"}}],"inLanguage":"fr-FR"}]}},"_links":{"self":[{"href":"https:\/\/www.adventure-centre.com\/rental-bike-location-moto\/wp-json\/wp\/v2\/product\/1420","targetHints":{"allow":["GET"]}}],"collection":[{"href":"https:\/\/www.adventure-centre.com\/rental-bike-location-moto\/wp-json\/wp\/v2\/product"}],"about":[{"href":"https:\/\/www.adventure-centre.com\/rental-bike-location-moto\/wp-json\/wp\/v2\/types\/product"}],"wp:featuredmedia":[{"embeddable":true,"href":"https:\/\/www.adventure-centre.com\/rental-bike-location-moto\/wp-json\/wp\/v2\/media\/2120"}],"wp:attachment":[{"href":"https:\/\/www.adventure-centre.com\/rental-bike-location-moto\/wp-json\/wp\/v2\/media?parent=1420"}],"wp:term":[{"taxonomy":"product_cat","embeddable":true,"href":"https:\/\/www.adventure-centre.com\/rental-bike-location-moto\/wp-json\/wp\/v2\/product_cat?post=1420"},{"taxonomy":"product_tag","embeddable":true,"href":"https:\/\/www.adventure-centre.com\/rental-bike-location-moto\/wp-json\/wp\/v2\/product_tag?post=1420"}],"curies":[{"name":"wp","href":"https:\/\/api.w.org\/{rel}","templated":true}]}}