{"id":1909,"date":"2022-09-27T10:32:23","date_gmt":"2022-09-27T10:32:23","guid":{"rendered":"https:\/\/adventurelocation.server-prod.com\/?page_id=1909"},"modified":"2023-05-07T09:46:23","modified_gmt":"2023-05-07T09:46:23","slug":"page-faq","status":"publish","type":"page","link":"https:\/\/www.adventure-centre.com\/rental-bike-location-moto\/page-faq\/","title":{"rendered":"FAQ"},"content":{"rendered":"<div class=\"wpb-content-wrapper\"><p>[vc_row][vc_column][turbo_element_accordions accordion_banner_title=&#8221;FAQ&#8221;][turbo_element_accordion accordion_link_title=&#8221;Puis-je louer une moto avec le permis de conduire de mon pays ?&#8221; accordion_link_desc=&#8221;Oui, si votre permis est de type A, et que vous poss\u00e9dez le permis depuis plus de 2 ans. Vous devez \u00eatre \u00e2g\u00e9 de 25 ans au minimum.&#8221; accordion_link_id=&#8221;1&#8243;][turbo_element_accordion accordion_link_title=&#8221;Puis-je utiliser mon propre GPS et la moto a-t-elle un support pour cela ?&#8221; accordion_link_desc=&#8221;Nos motos sont \u00e9quip\u00e9es de Quad lock sur demande, ou d\u2019un support Garmin si celui-ci est lou\u00e9 en option avec la moto&#8221; accordion_link_id=&#8221;2&#8243;][turbo_element_accordion accordion_link_title=&#8221;Puis-je entreposer mes bagages dans votre agence ?&#8221; accordion_link_desc=&#8221;Oui, si le d\u00e9part de la location est en agence.&#8221; accordion_link_id=&#8221;3&#8243;][turbo_element_accordion accordion_link_title=&#8221;Avez-vous des v\u00eatements de moto disponibles \u00e0 la location ?&#8221; accordion_link_desc=&#8221;Oui, nous avons combinaisons Touratech, bottes, casques et gants disponibles \u00e0 la location. Les \u00e9quipements sont nettoy\u00e9es et d\u00e9sinfect\u00e9s apr\u00e8s chaque utilisation, en particulier les casques.&#8221; accordion_link_id=&#8221;4&#8243;][turbo_element_accordion accordion_link_id=&#8221;5&#8243; accordion_link_title=&#8221;Puis-je r\u00e9cup\u00e9rer ou d\u00e9poser la moto dans un h\u00f4tel ?&#8221; accordion_link_desc=&#8221;Oui, avec un surco\u00fbt de 30\u20ac&#8221;][turbo_element_accordion accordion_link_id=&#8221;6&#8243; accordion_link_title=&#8221;Puis-je r\u00e9cup\u00e9rer ou d\u00e9poser la moto dans un a\u00e9roport ?&#8221; accordion_link_desc=&#8221;Oui, avec un surco\u00fbt de 80\u20ac \/ voyage pour un maximum de 4 personnes \/ voyage. (soit 20 \u20ac\/ personne si vous \u00eates 4 personnes arrivant au m\u00eame moment)&#8221;][turbo_element_accordion accordion_link_id=&#8221;7&#8243; accordion_link_title=&#8221;Puis-je voyager en Espagne depuis le Maroc ?&#8221; accordion_link_desc=&#8221;Pour l\u2019instant cela n\u2019est pas possible.&#8221;][turbo_element_accordion accordion_link_id=&#8221;8&#8243; accordion_link_title=&#8221;Quel est l&#8217;\u00e2ge minimum pour louer une moto ?&#8221; accordion_link_desc=&#8221;Si vous avez moins de 25 ans, et\/ou moins de 5 ans de permis, veuillez nous contacter. &#8220;][\/turbo_element_accordions][\/vc_column][\/vc_row]<\/p>\n<\/div>","protected":false},"excerpt":{"rendered":"<p>[vc_row][vc_column][turbo_element_accordions accordion_banner_title=&#8221;FAQ&#8221;][turbo_element_accordion accordion_link_title=&#8221;Puis-je louer une moto avec le permis de conduire de mon pays ?&#8221; accordion_link_desc=&#8221;Oui, si votre permis est de type A, et que vous poss\u00e9dez le permis depuis plus de 2 ans. Vous devez \u00eatre \u00e2g\u00e9 de 25 ans au minimum.&#8221; accordion_link_id=&#8221;1&#8243;][turbo_element_accordion accordion_link_title=&#8221;Puis-je utiliser mon propre GPS et la moto a-t-elle un support [&hellip;]<\/p>\n","protected":false},"author":1,"featured_media":0,"parent":0,"menu_order":0,"comment_status":"closed","ping_status":"closed","template":"","meta":{"footnotes":""},"class_list":["post-1909","page","type-page","status-publish","hentry"],"yoast_head":"<!-- This site is optimized with the Yoast SEO plugin v24.1 - https:\/\/yoast.com\/wordpress\/plugins\/seo\/ -->\n<title>FAQ - Touratech Maroc<\/title>\n<meta name=\"robots\" content=\"index, follow, max-snippet:-1, max-image-preview:large, max-video-preview:-1\" \/>\n<link rel=\"canonical\" href=\"https:\/\/www.adventure-centre.com\/rental-bike-location-moto\/page-faq\/\" \/>\n<meta property=\"og:locale\" content=\"fr_FR\" \/>\n<meta property=\"og:type\" content=\"article\" \/>\n<meta property=\"og:title\" content=\"FAQ - Touratech Maroc\" \/>\n<meta property=\"og:description\" content=\"[vc_row][vc_column][turbo_element_accordions accordion_banner_title=&#8221;FAQ&#8221;][turbo_element_accordion accordion_link_title=&#8221;Puis-je louer une moto avec le permis de conduire de mon pays ?&#8221; accordion_link_desc=&#8221;Oui, si votre permis est de type A, et que vous poss\u00e9dez le permis depuis plus de 2 ans. Vous devez \u00eatre \u00e2g\u00e9 de 25 ans au minimum.&#8221; accordion_link_id=&#8221;1&#8243;][turbo_element_accordion accordion_link_title=&#8221;Puis-je utiliser mon propre GPS et la moto a-t-elle un support [&hellip;]\" \/>\n<meta property=\"og:url\" content=\"https:\/\/www.adventure-centre.com\/rental-bike-location-moto\/page-faq\/\" \/>\n<meta property=\"og:site_name\" content=\"Touratech Maroc\" \/>\n<meta property=\"article:modified_time\" content=\"2023-05-07T09:46:23+00:00\" \/>\n<meta name=\"twitter:card\" content=\"summary_large_image\" \/>\n<meta name=\"twitter:label1\" content=\"Dur\u00e9e de lecture estim\u00e9e\" \/>\n\t<meta name=\"twitter:data1\" content=\"2 minutes\" \/>\n<script type=\"application\/ld+json\" class=\"yoast-schema-graph\">{\"@context\":\"https:\/\/schema.org\",\"@graph\":[{\"@type\":\"WebPage\",\"@id\":\"https:\/\/www.adventure-centre.com\/rental-bike-location-moto\/page-faq\/\",\"url\":\"https:\/\/www.adventure-centre.com\/rental-bike-location-moto\/page-faq\/\",\"name\":\"FAQ - Touratech Maroc\",\"isPartOf\":{\"@id\":\"https:\/\/www.adventure-centre.com\/rental-bike-location-moto\/#website\"},\"datePublished\":\"2022-09-27T10:32:23+00:00\",\"dateModified\":\"2023-05-07T09:46:23+00:00\",\"breadcrumb\":{\"@id\":\"https:\/\/www.adventure-centre.com\/rental-bike-location-moto\/page-faq\/#breadcrumb\"},\"inLanguage\":\"fr-FR\",\"potentialAction\":[{\"@type\":\"ReadAction\",\"target\":[\"https:\/\/www.adventure-centre.com\/rental-bike-location-moto\/page-faq\/\"]}]},{\"@type\":\"BreadcrumbList\",\"@id\":\"https:\/\/www.adventure-centre.com\/rental-bike-location-moto\/page-faq\/#breadcrumb\",\"itemListElement\":[{\"@type\":\"ListItem\",\"position\":1,\"name\":\"Accueil\",\"item\":\"https:\/\/www.adventure-centre.com\/rental-bike-location-moto\/\"},{\"@type\":\"ListItem\",\"position\":2,\"name\":\"FAQ\"}]},{\"@type\":\"WebSite\",\"@id\":\"https:\/\/www.adventure-centre.com\/rental-bike-location-moto\/#website\",\"url\":\"https:\/\/www.adventure-centre.com\/rental-bike-location-moto\/\",\"name\":\"Touratech Maroc\",\"description\":\"Louez une moto au Maroc\",\"potentialAction\":[{\"@type\":\"SearchAction\",\"target\":{\"@type\":\"EntryPoint\",\"urlTemplate\":\"https:\/\/www.adventure-centre.com\/rental-bike-location-moto\/?s={search_term_string}\"},\"query-input\":{\"@type\":\"PropertyValueSpecification\",\"valueRequired\":true,\"valueName\":\"search_term_string\"}}],\"inLanguage\":\"fr-FR\"}]}<\/script>\n<!-- \/ Yoast SEO plugin. -->","yoast_head_json":{"title":"FAQ - Touratech Maroc","robots":{"index":"index","follow":"follow","max-snippet":"max-snippet:-1","max-image-preview":"max-image-preview:large","max-video-preview":"max-video-preview:-1"},"canonical":"https:\/\/www.adventure-centre.com\/rental-bike-location-moto\/page-faq\/","og_locale":"fr_FR","og_type":"article","og_title":"FAQ - Touratech Maroc","og_description":"[vc_row][vc_column][turbo_element_accordions accordion_banner_title=&#8221;FAQ&#8221;][turbo_element_accordion accordion_link_title=&#8221;Puis-je louer une moto avec le permis de conduire de mon pays ?&#8221; accordion_link_desc=&#8221;Oui, si votre permis est de type A, et que vous poss\u00e9dez le permis depuis plus de 2 ans. Vous devez \u00eatre \u00e2g\u00e9 de 25 ans au minimum.&#8221; accordion_link_id=&#8221;1&#8243;][turbo_element_accordion accordion_link_title=&#8221;Puis-je utiliser mon propre GPS et la moto a-t-elle un support [&hellip;]","og_url":"https:\/\/www.adventure-centre.com\/rental-bike-location-moto\/page-faq\/","og_site_name":"Touratech Maroc","article_modified_time":"2023-05-07T09:46:23+00:00","twitter_card":"summary_large_image","twitter_misc":{"Dur\u00e9e de lecture estim\u00e9e":"2 minutes"},"schema":{"@context":"https:\/\/schema.org","@graph":[{"@type":"WebPage","@id":"https:\/\/www.adventure-centre.com\/rental-bike-location-moto\/page-faq\/","url":"https:\/\/www.adventure-centre.com\/rental-bike-location-moto\/page-faq\/","name":"FAQ - Touratech Maroc","isPartOf":{"@id":"https:\/\/www.adventure-centre.com\/rental-bike-location-moto\/#website"},"datePublished":"2022-09-27T10:32:23+00:00","dateModified":"2023-05-07T09:46:23+00:00","breadcrumb":{"@id":"https:\/\/www.adventure-centre.com\/rental-bike-location-moto\/page-faq\/#breadcrumb"},"inLanguage":"fr-FR","potentialAction":[{"@type":"ReadAction","target":["https:\/\/www.adventure-centre.com\/rental-bike-location-moto\/page-faq\/"]}]},{"@type":"BreadcrumbList","@id":"https:\/\/www.adventure-centre.com\/rental-bike-location-moto\/page-faq\/#breadcrumb","itemListElement":[{"@type":"ListItem","position":1,"name":"Accueil","item":"https:\/\/www.adventure-centre.com\/rental-bike-location-moto\/"},{"@type":"ListItem","position":2,"name":"FAQ"}]},{"@type":"WebSite","@id":"https:\/\/www.adventure-centre.com\/rental-bike-location-moto\/#website","url":"https:\/\/www.adventure-centre.com\/rental-bike-location-moto\/","name":"Touratech Maroc","description":"Louez une moto au Maroc","potentialAction":[{"@type":"SearchAction","target":{"@type":"EntryPoint","urlTemplate":"https:\/\/www.adventure-centre.com\/rental-bike-location-moto\/?s={search_term_string}"},"query-input":{"@type":"PropertyValueSpecification","valueRequired":true,"valueName":"search_term_string"}}],"inLanguage":"fr-FR"}]}},"_links":{"self":[{"href":"https:\/\/www.adventure-centre.com\/rental-bike-location-moto\/wp-json\/wp\/v2\/pages\/1909","targetHints":{"allow":["GET"]}}],"collection":[{"href":"https:\/\/www.adventure-centre.com\/rental-bike-location-moto\/wp-json\/wp\/v2\/pages"}],"about":[{"href":"https:\/\/www.adventure-centre.com\/rental-bike-location-moto\/wp-json\/wp\/v2\/types\/page"}],"author":[{"embeddable":true,"href":"https:\/\/www.adventure-centre.com\/rental-bike-location-moto\/wp-json\/wp\/v2\/users\/1"}],"replies":[{"embeddable":true,"href":"https:\/\/www.adventure-centre.com\/rental-bike-location-moto\/wp-json\/wp\/v2\/comments?post=1909"}],"version-history":[{"count":11,"href":"https:\/\/www.adventure-centre.com\/rental-bike-location-moto\/wp-json\/wp\/v2\/pages\/1909\/revisions"}],"predecessor-version":[{"id":2959,"href":"https:\/\/www.adventure-centre.com\/rental-bike-location-moto\/wp-json\/wp\/v2\/pages\/1909\/revisions\/2959"}],"wp:attachment":[{"href":"https:\/\/www.adventure-centre.com\/rental-bike-location-moto\/wp-json\/wp\/v2\/media?parent=1909"}],"curies":[{"name":"wp","href":"https:\/\/api.w.org\/{rel}","templated":true}]}}